2 - 30*w + 37. Calculate m(27).
-44
Let r(v) = v**3 - 4*v**2 + 1. Determine r(3).
-8
Let q(p) = -128*p**2 + p - 1. Determine q(1).
-128
Let h(b) = 2*b**2 - 4*b - 3. What is h(5)?
27
Let j(t) = -2*t**2 - 4*t + 15. What is j(-5)?
-15
Let k(d) = -62*d + 9. Determine k(1).
-53
Let h(v) = 3*v**2 + v - 17. Calculate h(0).
-17
Let p(z) = z**2 - 5*z - 6. Determine p(-3).
18
Let p(o) = 32*o**2 + 6*o + 13. Calculate p(-3).
283
Let r(x) = x**3 - 3*x**2 - 5*x - 7. Determine r(5).
18
Let u(l) = -l**2 + 14*l - 6. What is u(12)?
18
Let m(b) = -b**3 + 11*b**2 + b - 9. What is m(11)?
2
Let h(v) = -5*v**3 + 27*v**2 - 3*v - 26. Give h(5).
9
Let y(a) = -2*a + 39. What is y(18)?
3
Let r(f) = f**3 + 12*f**2 - 28*f + 5. Determine r(-14).
5
Let f(h) = -h**2 + 10*h + 5. Determine f(9).
14
Let k(t) = -t**3 - 4*t**2 + 60*t - 5. What is k(-10)?
-5
Let y(m) = -m**2 + 7*m + 49. Give y(-5).
-11
Let y(r) = 5*r + 3. Calculate y(-3).
-12
Let v(d) = -67*d - 1071. Give v(-16).
1
Let c(g) = g**3 + 2*g**2 + 2*g + 1. What is c(-3)?
-14
Let z(f) = 4*f + 2. Determine z(1).
6
Let f(y) = -y**2 + 8*y + 35. Calculate f(12).
-13
Let k(g) = -g**3 - 22*g**2 + 7*g + 94. Give k(-22).
-60
Let m(u) = u**3 + 44*u**2 + 121*u - 85. What is m(-41)?
-3
Let o(a) = -a**3 + 9*a**2 - 12*a - 18. What is o(7)?
-4
Let b(a) = 3*a**3 + a - 1. Determine b(1).
3
Let g(a) = -31*a - 3. Calculate g(-3).
90
Let q(h) = h**2 + 2*h - 3. What is q(-5)?
12
Let a(l) = 7*l + 50. Calculate a(-5).
15
Let y(p) = -p**3 - 7*p**2 + 4*p + 10. Give y(-8).
42
Let d(z) = 2*z**3 + 32*z**2 + 28*z - 34. What is d(-15)?
-4
Let c(x) = -2*x**2 - 20*x + 69. Determine c(-13).
-9
Let o(c) = -5*c - 14. Calculate o(-8).
26
Let y(c) = -c**2 - 16*c + 11. Calculate y(-17).
-6
Let s(v) = 51*v + 314. Determine s(-6).
8
Let i(q) = -q - 20. Determine i(-12).
-8
Let o(d) = 31*d + 437. Calculate o(-14).
3
Let u(k) = k**3 - 8*k**2 + 6*k - 48. What is u(8)?
0
Let w(t) = -t**3 - 9*t**2 + 14*t + 2. Determine w(-10).
-38
Let r(u) = -u**3 + 12*u**2 + 13*u - 3. Determine r(13).
-3
Let p(q) = q**2 + 4*q + 9. Give p(-6).
21
Let o(f) = -4*f**3 + 40*f**2 + 5*f - 25. What is o(10)?
25
Let a(h) = -2*h**2 + 13*h - 6. Determine a(5).
9
Let o(d) = 6*d + 11. Calculate o(-8).
-37
Let q(l) = 3*l + 2. Give q(4).
14
Let w(a) = 16*a - 352. Give w(22).
0
Let q(m) = 2*m - 23. Calculate q(9).
-5
Let u(z) = -23*z + 99. Determine u(4).
7
Let d(x) = x**2 - 8*x + 14. What is d(6)?
2
Let h(z) = -15*z - 12. Calculate h(7).
-117
Let x(d) = -15*d + 231. Calculate x(15).
6
Let o(m) = 3*m - 14. Determine o(7).
7
Let i(a) = 8*a + 3. Determine i(-4).
-29
Let s(b) = -b**2 + 12*b + 269. Give s(-11).
16
Let n(r) = -2*r**2 + 9*r - 44. Calculate n(6).
-62
Let w(h) = -h**3 - 4*h**2 + 6*h + 11. Give w(-5).
6
Let m(x) = 2*x + 10. Give m(-3).
4
Let i(o) = o + 10. What is i(-3)?
7
Let y(o) = -5*o + 13. Determine y(7).
-22
Let c(a) = -3*a + 10. Calculate c(12).
-26
Let x(k) = -k**3 + 10*k**2 + 9*k + 13. What is x(11)?
-9
Let c(i) = 8*i + 9. Calculate c(-3).
-15
Let i(g) = -g**3 - 35*g**2 + g + 35. Give i(-35).
0
Let z(s) = -s**2 + 3*s + 77. What is z(11)?
-11
Let b(z) = z**2 + 2*z - 10. Give b(0).
-10
Let m(h) = h**2 - 7*h - 10. What is m(8)?
-2
Let z(r) = -5*r**2 - 6*r - 3. Give z(-1).
-2
Let m(p) = -p**3 + 6*p**2 + 11. Give m(5).
36
Let x(a) = -a**2 + a + 3. What is x(0)?
3
Let x(y) = y + 5. Give x(-8).
-3
Let t(a) = 8*a - 3. What is t(3)?
21
Let a(r) = 2*r**2 + 4*r + 2. Give a(-3).
8
Let f(n) = 16*n - 19. Give f(3).
29
Let y(d) = d**2 - 9*d - 14. Determine y(11).
8
Let w(q) = -q - 11. Calculate w(-5).
-6
Let u(v) = -3*v**2 + 5*v - 5. Give u(4).
-33
Let s(l) = 26*l - 1101. Determine s(42).
-9
Let f(q) = q**2 + 23*q + 118. Give f(-7).
6
Let l(x) = -3*x - 10. Give l(-4).
2
Let z(q) = -q**2 + 13*q + 31. Determine z(15).
1
Let m(s) = 17*s + 19. Calculate m(-3).
-32
Let y(r) = 2*r - 1. What is y(-3)?
-7
Let s(l) = -l**2 + 6*l. Calculate s(-2).
-16
Let d(p) = p**3 - 6*p**2 + 9*p + 3. Calculate d(4).
7
Let b(d) = -8*d**2 + 3*d + 4. Determine b(3).
-59
Let g(u) = u**3 + 4*u**2 - 12*u - 26. Determine g(-2).
6
Let u(i) = -18*i + 17. Calculate u(1).
-1
Let h(x) = -3*x + 27. Calculate h(7).
6
Let b(c) = -c**2. Calculate b(1).
-1
Let k(j) = 4*j**2 - 2. What is k(-2)?
14
Let c(x) = -2*x**3 - 10*x**2 - 12*x - 61. Calculate c(-5).
-1
Let l(t) = t**2 - 16*t - 12. Determine l(16).
-12
Let n(b) = -3*b + 40. Determine n(14).
-2
Let j(c) = -90*c + 374. Calculate j(4).
14
Let t(d) = -d**2 - 13*d - 16. Calculate t(-12).
-4
Let c(p) = -p**3 - 24*p**2 - 49*p - 39. Determine c(-22).
71
Let c(u) = u**2 + 14*u - 18. What is c(-14)?
-18
Let d(k) = -42*k - 76. Determine d(-2).
8
Let k(u) = u**2 - u - 5. What is k(4)?
7
Let s(t) = -t**2 - 5*t - 8. What is s(-4)?
-4
Let t(n) = -n**3 + 4*n**2 - 4*n. Determine t(3).
-3
Let l(q) = -q**3 + 4*q**2 - 4*q + 13. What is l(4)?
-3
Let s(a) = a**3 - 6*a**2 - 3*a. What is s(6)?
-18
Let f(v) = -2*v**2 - 71*v - 42. Determine f(-35).
-7
Let p(l) = 42*l + 834. Give p(-20).
-6
Let u(o) = o**2 - 17*o + 68. Calculate u(6).
2
Let q(g) = 2*g**2 + 25*g + 71. What is q(-8)?
-1
Let u(z) = z**2 - z + 5. Give u(-5).
35
Let y(u) = -u**3 - 8*u**2 - 7*u + 8. Determine y(-7).
8
Let d(b) = -b**2 - 7*b - 5. Determine d(-6).
1
Let v(w) = -w**2 + 41*w + 1308. Determine v(62).
6
Let i(l) = -l**3 + 10*l**2 - 11*l + 85. Calculate i(9).
67
Let v(s) = s**3 + 8*s**2 + 8*s + 7. Determine v(-7).
0
Let w(v) = -2*v**3 + 3*v**2 + 2. Determine w(4).
-78
Let p(q) = q**2 + 22*q - 98. Determine p(-26).
6
Let b(u) = u**3 - 5*u**2 + u + 2. Determine b(3).
-13
Let b(a) = 9*a + 191. Calculate b(-22).
-7
Let r(m) = -3*m + 17. Determine r(1).
14
Let z(o) = o**3 - 13*o**2 + 10*o + 21. What is z(12)?
-3
Let z(s) = -s**2 - 24*s - 119. What is z(-6)?
-11
Let m(i) = -3*i - 14. Determine m(-7).
7
Let w(l) = 22*l - 1237. Calculate w(56).
-5
Let b(r) = -51*r**2 - 457*r + 19. Give b(-9).
1
Let k(h) = -9*h + 2. Determine k(-3).
29
Let p(i) = i**3 + 4*i**2 - 2*i + 10. Determine p(-5).
-5
Let a(o) = -3*o - 46. What is a(-16)?
2
Let x(y) = y**3 + 2*y - 10. Give x(0).
-10
Let b(n) = -n**3 - 19*n**2 - n - 20. Calculate b(-19).
-1
Let k(y) = -y**3 - 31*y**2 - 32*y - 14. Calculate k(-30).
46
Let g(a) = a**2 - 6*a + 6. Give g(-6).
78
Let d(t) = -t**2 - 2*t + 2. Calculate d(6).
-46
Let q(i) = -i**2 - 19*i + 11. Calculate q(-19).
11
Let g(y) = y**3 + 7*y**2 - 16*y + 10. Calculate g(-9).
-8
Let a(d) = 11*d**2 + d. Determine a(-1).
10
Let s(c) = c**3 + 6*c**2 - c - 12. Determine s(-6).
-6
Let d(y) = -y**2 + 16*y - 36. Calculate d(14).
-8
Let p(v) = -12*v**2 - 2*v - 2. Calculate p(-1).
-12
Let p(y) = -y - 8. Determine p(-14).
6
Let m(a) = -a + 17. Give m(12).
5
Let x(w) = -w**3 - 5*w**2 - 3*w + 4. What is x(-6)?
58
Let c(b) = -b**3 + 25*b**2 + 28*b - 44. Determine c(26).
8
Let n(f) = -f**2 - 7*f - 3. Determine n(-5).
7
Let b(o) = o**2 - 17*o + 15. Calculate b(10).
-55
Let x(p) = 21*p - 1. What is x(1)?
20
Let q(l) = -2*l + 9. Determine q(-8).
25
Let z(r) = r**3 - r**2 - 11*r + 5. What is z(4)?
9
Let w(s) = 2*s**2 + 5*s + 5. Give w(-5).
30
Let f(p) = 60*p + 906. What is f(-15)?
6
Let c(l) = -l**2 - 8*l - 10. Determine c(-4).
6
Let f(n) = 2*n - 1. Give f(7).
13
Let d(t) = t**3 - 19*t**2 + 12*t - 9. Give d(18).
-117
Let v(q) = q**3 + 5*q**2 - q - 1. What is v(-5)?
4
Let b(v) = 5*v**2 - 2*v + 2. Calculate b(1).
5
Let v(r) = -r**3 + 8*r**2 + r - 5. What is v(8)?
3
Let i(q) = q**3 + 30*q**2 - q - 36. What is i(-30)?
-6
Let y(a) = 10*a**3 - a. What is y(1)?
9
Let z(g) = -3*g - 1. Calculate z(4).
-13
Let g(v) = v**3 - 9*v**2 - 14*v + 31. Calculate g(10).
-9
Let m(w) = 2*w**3 + 8*w**2 - 8. What is m(-4)?
-8
Let s(w) = 30*w + 1. Calculate s(2).
61
Let f(c) = 4*c**2 + 156*c + 5. Calculate f(-39).
5
Let k(v) = v**3 - 5*v**2 - 6*v - 9. Calculate k(6).
-9
Let p(d) = 5*d - 8. Calculate p(-4).
-28
Let s(v) = v**3 - 19*v**2 - 3*v + 50. Give s(19).
-7
Let s(i) = -i**3 + 3*i**2 + 18*i + 2. What is s(8)?
-174
Let d(v) = 2*v + 12. Determine d(-6).
0
Let h(c) = c**3 - 12*c**2 - 9*c + 26. Calculate h(12).
-82
Let f(z) = -3*z - 2. Calculate f(-5).
13
Let w(k) = -k**3 + 7*k**2 + 8*k + 5. Give w(8).
5
Let r(y) = y**3 - 10*y**2 + 7*y + 6. Give r(9).
-12
Let u(i) = i**2 - 38*i + 19. Calculate u(37).
-18
Let b(v) = 4*v**3 + 6*v**2 - 6*v. Determine b(1).
4
Let p(w) = 7*w + 132.